{"id":495,"date":"2023-09-19T09:53:50","date_gmt":"2023-09-19T07:53:50","guid":{"rendered":"https:\/\/kiuni.uber.space\/?page_id=495"},"modified":"2023-10-13T15:10:05","modified_gmt":"2023-10-13T13:10:05","slug":"anfahrt","status":"publish","type":"page","link":"https:\/\/kinderuni-siegen.de\/?page_id=495","title":{"rendered":"Anfahrt"},"content":{"rendered":"\t\t<div id=\"wpmapblock_b109dfd5\" data-settings='{&quot;map_marker&quot;:[{&quot;lat&quot;:&quot;50.874309170773&quot;,&quot;lng&quot;:&quot;8.0221009254456&quot;,&quot;title&quot;:&quot;H\\u00f6rsaalzentrum am Unteren Schloss&quot;,&quot;content&quot;:&quot;Universit\\u00e4t Siegen\\nH\\u00f6rsaalzentrum am Unteren Schloss\\nK\\u00f6lner Str. 41\\n57072 Siegen&quot;,&quot;iconType&quot;:&quot;default&quot;,&quot;customIconUrl&quot;:&quot;&quot;,&quot;customIconWidth&quot;:&quot;25&quot;,&quot;customIconHeight&quot;:&quot;40&quot;}],&quot;map_zoom&quot;:&quot;15&quot;,&quot;scroll_wheel_zoom&quot;:false,&quot;map_type&quot;:&quot;GM&quot;,&quot;center_index&quot;:0}' class=\"wpmapblockrender\" style=\"\n\t\t\twidth: 100%;\n\t\t\theight: 500px;\n\t\t\"><\/div>\n        \n\n\n<div class=\"wp-block-buttons is-content-justification-center is-layout-flex wp-container-core-buttons-is-layout-a89b3969 wp-block-buttons-is-layout-flex\">\n<div class=\"wp-block-button\"><a class=\"wp-block-button__link has-raft-fg-color has-light-green-cyan-background-color has-text-color has-background wp-element-button\" href=\"https:\/\/www.google.com\/maps\/dir\/\/50.874347,8.021925\" style=\"border-width:4px;border-radius:200px\" target=\"_blank\" rel=\"noreferrer noopener\">Route<\/a><\/div>\n<\/div>\n\n\n\n<p>Die Veranstaltungen der Kinderuni finden hier statt:<\/p>\n\n\n\n<div class=\"wp-block-columns is-layout-flex wp-container-core-columns-is-layout-28f84493 wp-block-columns-is-layout-flex\">\n<div class=\"wp-block-column is-layout-flow wp-block-column-is-layout-flow\"><\/div>\n\n\n\n<div class=\"wp-block-column is-layout-flow wp-block-column-is-layout-flow\">\n<p class=\"wp-container-content-9cfa9a5a\"><strong>Universit\u00e4t Siegen<\/strong><br><strong>H\u00f6rsaalzentrum am Unteren Schloss<\/strong> 3<br><strong>57072 Siegen<\/strong><\/p>\n<\/div>\n\n\n\n<div class=\"wp-block-column is-layout-flow wp-block-column-is-layout-flow\"><\/div>\n<\/div>\n\n\n\n<div class=\"wp-block-group has-pale-pink-background-color has-background is-layout-constrained wp-container-core-group-is-layout-260c30c9 wp-block-group-is-layout-constrained\" style=\"border-width:4px;border-radius:200px;padding-top:var(--wp--preset--spacing--80);padding-right:var(--wp--preset--spacing--80);padding-bottom:var(--wp--preset--spacing--80);padding-left:var(--wp--preset--spacing--80)\">\n<h2 class=\"wp-block-heading\">Anreise mit dem Bus<\/h2>\n\n\n\n<p>Zum Campus Unteres Schloss verkehren Busse ab Siegen-Hauptbahnhof bzw. Siegen-Weidenau (Linien C105, C106, C107).<br><br>M\u00f6gliche Haltestellen in der N\u00e4he hei\u00dfen &#8222;L\u00f6hrtor&#8220;, &#8222;K\u00f6lner Tor&#8220; oder &#8222;Rathaus&#8220;.<\/p>\n<\/div>\n","protected":false},"excerpt":{"rendered":"<p>Die Veranstaltungen der Kinderuni finden hier statt: Universit\u00e4t SiegenH\u00f6rsaalzentrum am Unteren Schloss 357072 Siegen Anreise mit dem Bus Zum Campus Unteres Schloss verkehren Busse ab Siegen-Hauptbahnhof bzw. Siegen-Weidenau (Linien C105, C106, C107). M\u00f6gliche Haltestellen in der N\u00e4he hei\u00dfen &#8222;L\u00f6hrtor&#8220;, &#8222;K\u00f6lner Tor&#8220; oder &#8222;Rathaus&#8220;.<\/p>\n","protected":false},"author":1,"featured_media":0,"parent":0,"menu_order":0,"comment_status":"closed","ping_status":"closed","template":"","meta":{"inline_featured_image":false,"footnotes":""},"class_list":["post-495","page","type-page","status-publish","hentry"],"_links":{"self":[{"href":"https:\/\/kinderuni-siegen.de\/index.php?rest_route=\/wp\/v2\/pages\/495","targetHints":{"allow":["GET"]}}],"collection":[{"href":"https:\/\/kinderuni-siegen.de\/index.php?rest_route=\/wp\/v2\/pages"}],"about":[{"href":"https:\/\/kinderuni-siegen.de\/index.php?rest_route=\/wp\/v2\/types\/page"}],"author":[{"embeddable":true,"href":"https:\/\/kinderuni-siegen.de\/index.php?rest_route=\/wp\/v2\/users\/1"}],"replies":[{"embeddable":true,"href":"https:\/\/kinderuni-siegen.de\/index.php?rest_route=%2Fwp%2Fv2%2Fcomments&post=495"}],"version-history":[{"count":8,"href":"https:\/\/kinderuni-siegen.de\/index.php?rest_route=\/wp\/v2\/pages\/495\/revisions"}],"predecessor-version":[{"id":758,"href":"https:\/\/kinderuni-siegen.de\/index.php?rest_route=\/wp\/v2\/pages\/495\/revisions\/758"}],"wp:attachment":[{"href":"https:\/\/kinderuni-siegen.de\/index.php?rest_route=%2Fwp%2Fv2%2Fmedia&parent=495"}],"curies":[{"name":"wp","href":"https:\/\/api.w.org\/{rel}","templated":true}]}}