{"id":555,"date":"2023-09-19T13:56:41","date_gmt":"2023-09-19T11:56:41","guid":{"rendered":"https:\/\/kiuni.uber.space\/?page_id=555"},"modified":"2023-10-25T11:43:03","modified_gmt":"2023-10-25T09:43:03","slug":"haeufig-gestellte-fragen","status":"publish","type":"page","link":"https:\/\/kinderuni-siegen.de\/?page_id=555","title":{"rendered":"H\u00e4ufig gestellte Fragen"},"content":{"rendered":"\n<div class=\"wp-block-columns is-layout-flex wp-container-core-columns-is-layout-28f84493 wp-block-columns-is-layout-flex\">\n<div class=\"wp-block-column is-layout-flow wp-block-column-is-layout-flow\">\n<div class=\"wp-block-group has-raft-fg-alt-background-color has-background is-layout-constrained wp-container-core-group-is-layout-10bc4538 wp-block-group-is-layout-constrained\" style=\"border-width:4px;border-radius:200px;padding-top:var(--wp--preset--spacing--80);padding-right:var(--wp--preset--spacing--80);padding-bottom:var(--wp--preset--spacing--80);padding-left:var(--wp--preset--spacing--80)\">\n<h4 class=\"wp-block-heading\">Wie alt muss man sein um an der Kinderuni teilnehmen zu d\u00fcrfen?<\/h4>\n\n\n\n<p>Die Kinderuni ist geeigent f\u00fcr Kinder im Alter von 8-12 Jahren.<\/p>\n<\/div>\n\n\n\n<div class=\"wp-block-group has-pale-pink-background-color has-background is-layout-constrained wp-container-core-group-is-layout-10bc4538 wp-block-group-is-layout-constrained\" style=\"border-width:4px;border-radius:200px;padding-top:var(--wp--preset--spacing--80);padding-right:var(--wp--preset--spacing--80);padding-bottom:var(--wp--preset--spacing--80);padding-left:var(--wp--preset--spacing--80)\">\n<h4 class=\"wp-block-heading\">Wie l\u00e4uft eine Veranstal\u00adtung ab?<\/h4>\n\n\n\n<p>Die Kinder kommen an der Uni an. Zu Beginn der Veranstaltung werden sie ohne Eltern in den H\u00f6rsaal gef\u00fchrt. Nach der Vorlesung k\u00f6nnen die Eltern ihre Kinder vor dem H\u00f6rsaal wieder abholen.<\/p>\n<\/div>\n\n\n\n<div class=\"wp-block-group has-light-green-cyan-background-color has-background is-layout-constrained wp-container-core-group-is-layout-10bc4538 wp-block-group-is-layout-constrained\" style=\"border-width:4px;border-radius:200px;padding-top:var(--wp--preset--spacing--80);padding-right:var(--wp--preset--spacing--80);padding-bottom:var(--wp--preset--spacing--80);padding-left:var(--wp--preset--spacing--80)\">\n<h4 class=\"wp-block-heading\">D\u00fcrfen auch Erwachsene an den Vorlesungen teilnehmen?<\/h4>\n\n\n\n<p>Die Vorlesungen sind den Kindern vorbehalten und finden ohne Begleitung der Eltern statt. In der Regel wird eine Veranstaltung f\u00fcr Eltern ge\u00f6ffnet.<\/p>\n<\/div>\n\n\n\n<div class=\"wp-block-group has-raft-fg-alt-background-color has-background is-layout-constrained wp-container-core-group-is-layout-10bc4538 wp-block-group-is-layout-constrained\" style=\"border-width:4px;border-radius:200px;padding-top:var(--wp--preset--spacing--80);padding-right:var(--wp--preset--spacing--80);padding-bottom:var(--wp--preset--spacing--80);padding-left:var(--wp--preset--spacing--80)\">\n<h4 class=\"wp-block-heading\">Was ist der Sinn der Kinder\u00aduniversit\u00e4t?<\/h4>\n\n\n\n<p>In erster Linie sollen die Kinder Spa\u00df haben und dabei noch etwas lernen.<\/p>\n<\/div>\n\n\n\n<div class=\"wp-block-group has-light-green-cyan-background-color has-background is-layout-constrained wp-container-core-group-is-layout-10bc4538 wp-block-group-is-layout-constrained\" style=\"border-width:4px;border-radius:200px;padding-top:var(--wp--preset--spacing--80);padding-right:var(--wp--preset--spacing--80);padding-bottom:var(--wp--preset--spacing--80);padding-left:var(--wp--preset--spacing--80)\">\n<h4 class=\"wp-block-heading\">Darf mein Kind im n\u00e4chsten Semester wieder teilnehmen?<\/h4>\n\n\n\n<p>Ja, wenn es bis dahin das Teilnehmeralter noch nicht \u00fcberschritten hat.<\/p>\n<\/div>\n\n\n\n<div class=\"wp-block-group has-pale-pink-background-color has-background is-layout-constrained wp-container-core-group-is-layout-10bc4538 wp-block-group-is-layout-constrained\" style=\"border-width:4px;border-radius:200px;padding-top:var(--wp--preset--spacing--80);padding-right:var(--wp--preset--spacing--80);padding-bottom:var(--wp--preset--spacing--80);padding-left:var(--wp--preset--spacing--80)\">\n<h4 class=\"wp-block-heading\">Ist mein Kind automatisch angenommen, nachdem die Anmeldung abgeschickt worden ist?<\/h4>\n\n\n\n<p>Ihr Kind ist automatisch angenommen. Im Falle einer ausgebuchten Veranstaltung bekommen Sie eine Mail mit einer Absage.<\/p>\n<\/div>\n\n\n\n<div class=\"wp-block-group has-raft-fg-alt-background-color has-background is-layout-constrained wp-container-core-group-is-layout-10bc4538 wp-block-group-is-layout-constrained\" style=\"border-width:4px;border-radius:200px;padding-top:var(--wp--preset--spacing--80);padding-right:var(--wp--preset--spacing--80);padding-bottom:var(--wp--preset--spacing--80);padding-left:var(--wp--preset--spacing--80)\">\n<h4 class=\"wp-block-heading\">Bestehen Zug\u00e4nge f\u00fcr Menschen mit Behinderung?<\/h4>\n\n\n\n<p>Die Universit\u00e4t ist barrierefrei und f\u00fcr Rollstuhlfahrer geeignet. Bei R\u00fcckfragen wenden Sie sich bitte an&nbsp;kinderuni@uni-siegen.de&nbsp;.<\/p>\n<\/div>\n<\/div>\n\n\n\n<div class=\"wp-block-column is-layout-flow wp-block-column-is-layout-flow\">\n<div class=\"wp-block-group has-raft-bg-alt-background-color has-background is-layout-constrained wp-container-core-group-is-layout-10bc4538 wp-block-group-is-layout-constrained\" style=\"border-width:4px;border-radius:200px;padding-top:var(--wp--preset--spacing--80);padding-right:var(--wp--preset--spacing--80);padding-bottom:var(--wp--preset--spacing--80);padding-left:var(--wp--preset--spacing--80)\">\n<h4 class=\"wp-block-heading\">Welches Begleit\u00adpersonen\u00adprogramm gibt es?<\/h4>\n\n\n\n<p>Durch den Umzug der Kinderuni Siegen vom Haardter Berg an den Campus Unteres Schloss hat sich ergeben, dass die Begleitpersonen die innerst\u00e4dtische Umgebung gerne selbstst\u00e4ndig nutzen. Ein Programm f\u00fcr Begleitpersonen gibt es deshalb nur noch punktuell. Die Cafeteria US des Studierendenwerks hat bis 18 Uhr ge\u00f6ffnet.<\/p>\n<\/div>\n\n\n\n<div class=\"wp-block-group has-raft-fg-alt-background-color has-background is-layout-constrained wp-container-core-group-is-layout-10bc4538 wp-block-group-is-layout-constrained\" style=\"border-width:4px;border-radius:200px;padding-top:var(--wp--preset--spacing--80);padding-right:var(--wp--preset--spacing--80);padding-bottom:var(--wp--preset--spacing--80);padding-left:var(--wp--preset--spacing--80)\">\n<h4 class=\"wp-block-heading\">Wie lange dauert eine Vorlesung?<\/h4>\n\n\n\n<p>Eine Vorlesung dauert ca. 45-50 Minuten. Sie beginnt um 17.00 Uhr c.t. und endet gegen 18.00 Uhr.&nbsp;<\/p>\n<\/div>\n\n\n\n<div class=\"wp-block-group has-raft-bg-alt-background-color has-background is-layout-constrained wp-container-core-group-is-layout-10bc4538 wp-block-group-is-layout-constrained\" style=\"border-width:4px;border-radius:200px;padding-top:var(--wp--preset--spacing--80);padding-right:var(--wp--preset--spacing--80);padding-bottom:var(--wp--preset--spacing--80);padding-left:var(--wp--preset--spacing--80)\">\n<h4 class=\"wp-block-heading\">Bekommen die Kinder ein Kinderuni-Diplom?<\/h4>\n\n\n\n<p>Wenn ein Kind an drei Veranstaltungen eines Semesters teilgenommen hat, wird ihm ein Diplom in Form einer Urkunde ausgestellt.<\/p>\n<\/div>\n\n\n\n<div class=\"wp-block-group has-pale-pink-background-color has-background is-layout-constrained wp-container-core-group-is-layout-10bc4538 wp-block-group-is-layout-constrained\" style=\"border-width:4px;border-radius:200px;padding-top:var(--wp--preset--spacing--80);padding-right:var(--wp--preset--spacing--80);padding-bottom:var(--wp--preset--spacing--80);padding-left:var(--wp--preset--spacing--80)\">\n<h4 class=\"wp-block-heading\">Welche Kinder d\u00fcrfen teilnehmen?<\/h4>\n\n\n\n<p>Alle Kinder zwischen 8 und 12 Jahren.<\/p>\n<\/div>\n\n\n\n<div class=\"wp-block-group has-raft-bg-alt-background-color has-background is-layout-constrained wp-container-core-group-is-layout-10bc4538 wp-block-group-is-layout-constrained\" style=\"border-width:4px;border-radius:200px;padding-top:var(--wp--preset--spacing--80);padding-right:var(--wp--preset--spacing--80);padding-bottom:var(--wp--preset--spacing--80);padding-left:var(--wp--preset--spacing--80)\">\n<h4 class=\"wp-block-heading\">Muss ich mein Kind anmelden oder darf es auch ohne Anmeldung teilnehmen?<\/h4>\n\n\n\n<p>Das Kind muss vorher angemeldet sein. Dies ist online mit dem&nbsp;Anmeldeformular&nbsp;auf unserer Homepage m\u00f6glich.<\/p>\n<\/div>\n\n\n\n<div class=\"wp-block-group has-raft-fg-alt-background-color has-background is-layout-constrained wp-container-core-group-is-layout-10bc4538 wp-block-group-is-layout-constrained\" style=\"border-width:4px;border-radius:200px;padding-top:var(--wp--preset--spacing--80);padding-right:var(--wp--preset--spacing--80);padding-bottom:var(--wp--preset--spacing--80);padding-left:var(--wp--preset--spacing--80)\">\n<h4 class=\"wp-block-heading\">Kostet die Kinder-Universit\u00e4t etwas?<\/h4>\n\n\n\n<p>Nein, die Teilnahme an den Veranstaltungen ist kostenlos.<\/p>\n<\/div>\n\n\n\n<div class=\"wp-block-group has-light-green-cyan-background-color has-background is-layout-constrained wp-container-core-group-is-layout-10bc4538 wp-block-group-is-layout-constrained\" style=\"border-width:4px;border-radius:200px;padding-top:var(--wp--preset--spacing--80);padding-right:var(--wp--preset--spacing--80);padding-bottom:var(--wp--preset--spacing--80);padding-left:var(--wp--preset--spacing--80)\">\n<h4 class=\"wp-block-heading\">Wie finde ich mich vor Ort zurecht?<\/h4>\n\n\n\n<p>Der Weg zur Kinderuni ist ausgeschildert. Auf dem Universit\u00e4tsgel\u00e4nde befinden sich Helfer in blauen T-Shirts mit dem Kinderuni-Logo darauf. Diese beantworten alle Fragen rund um die Kinderuni und helfen bei der Orientierung.<\/p>\n<\/div>\n<\/div>\n<\/div>\n","protected":false},"excerpt":{"rendered":"<p>Wie alt muss man sein um an der Kinderuni teilnehmen zu d\u00fcrfen? Die Kinderuni ist geeigent f\u00fcr Kinder im Alter von 8-12 Jahren. Wie l\u00e4uft eine Veranstal\u00adtung ab? Die Kinder kommen an der Uni an. Zu Beginn der Veranstaltung werden sie ohne Eltern in den H\u00f6rsaal gef\u00fchrt. Nach der Vorlesung k\u00f6nnen die Eltern ihre Kinder [&hellip;]<\/p>\n","protected":false},"author":1,"featured_media":0,"parent":0,"menu_order":0,"comment_status":"closed","ping_status":"closed","template":"","meta":{"inline_featured_image":false,"footnotes":""},"class_list":["post-555","page","type-page","status-publish","hentry"],"_links":{"self":[{"href":"https:\/\/kinderuni-siegen.de\/index.php?rest_route=\/wp\/v2\/pages\/555","targetHints":{"allow":["GET"]}}],"collection":[{"href":"https:\/\/kinderuni-siegen.de\/index.php?rest_route=\/wp\/v2\/pages"}],"about":[{"href":"https:\/\/kinderuni-siegen.de\/index.php?rest_route=\/wp\/v2\/types\/page"}],"author":[{"embeddable":true,"href":"https:\/\/kinderuni-siegen.de\/index.php?rest_route=\/wp\/v2\/users\/1"}],"replies":[{"embeddable":true,"href":"https:\/\/kinderuni-siegen.de\/index.php?rest_route=%2Fwp%2Fv2%2Fcomments&post=555"}],"version-history":[{"count":15,"href":"https:\/\/kinderuni-siegen.de\/index.php?rest_route=\/wp\/v2\/pages\/555\/revisions"}],"predecessor-version":[{"id":958,"href":"https:\/\/kinderuni-siegen.de\/index.php?rest_route=\/wp\/v2\/pages\/555\/revisions\/958"}],"wp:attachment":[{"href":"https:\/\/kinderuni-siegen.de\/index.php?rest_route=%2Fwp%2Fv2%2Fmedia&parent=555"}],"curies":[{"name":"wp","href":"https:\/\/api.w.org\/{rel}","templated":true}]}}